 digit of 14855541?
5
What is the tens digit of 700174258?
5
What is the ten thousands digit of 153112179?
1
What is the hundreds digit of 48695646?
6
What is the ten thousands digit of 1379000435?
0
What is the tens digit of 3910885733?
3
What is the tens digit of 450860316?
1
What is the billions digit of 2093023616?
2
What is the hundreds digit of 5172510654?
6
What is the hundred thousands digit of 160600641?
6
What is the ten thousands digit of 2228363399?
6
What is the hundred thousands digit of 9719035?
7
What is the hundreds digit of 2224989028?
0
What is the tens digit of 35945077?
7
What is the ten millions digit of 3775805348?
7
What is the ten millions digit of 32141102?
3
What is the thousands digit of 222574669?
4
What is the hundreds digit of 1131550436?
4
What is the millions digit of 28436922?
8
What is the units digit of 52505730?
0
What is the millions digit of 19298573?
9
What is the tens digit of 24257086?
8
What is the millions digit of 4962781553?
2
What is the thousands digit of 97323263?
3
What is the hundred thousands digit of 147554361?
5
What is the tens digit of 197163294?
9
What is the hundreds digit of 2995820165?
1
What is the ten thousands digit of 49200894?
0
What is the hundred thousands digit of 494910137?
9
What is the thousands digit of 206658606?
8
What is the ten millions digit of 36970480?
3
What is the thousands digit of 1130437098?
7
What is the tens digit of 911187574?
7
What is the millions digit of 1518057829?
8
What is the ten thousands digit of 123374800?
7
What is the ten millions digit of 2525405350?
2
What is the ten millions digit of 394912503?
9
What is the thousands digit of 2223381?
3
What is the hundreds digit of 753805367?
3
What is the hundreds digit of 1187899949?
9
What is the ten thousands digit of 507998414?
9
What is the tens digit of 139960100?
0
What is the ten millions digit of 425389713?
2
What is the ten thousands digit of 2233819369?
1
What is the thousands digit of 159206419?
6
What is the thousands digit of 570418276?
8
What is the units digit of 3771762?
2
What is the tens digit of 2898643642?
4
What is the ten thousands digit of 372745331?
4
What is the ten thousands digit of 1804831?
0
What is the thousands digit of 34052631?
2
What is the millions digit of 2591986293?
1
What is the millions digit of 2523065068?
3
What is the hundred thousands digit of 500828165?
8
What is the hundred thousands digit of 168621884?
6
What is the units digit of 20444797?
7
What is the hundred thousands digit of 12200872?
2
What is the hundred millions digit of 521350137?
5
What is the ten millions digit of 14185746?
1
What is the thousands digit of 1003719917?
9
What is the tens digit of 130899214?
1
What is the ten millions digit of 3656824417?
5
What is the billions digit of 1455293574?
1
What is the thousands digit of 138074081?
4
What is the millions digit of 16494841?
6
What is the hundreds digit of 3294365199?
1
What is the hundred thousands digit of 1922545130?
5
What is the hundreds digit of 1147291889?
8
What is the tens digit of 43241764?
6
What is the hundred millions digit of 350307788?
3
What is the ten millions digit of 53766469?
5
What is the hundred thousands digit of 98369838?
3
What is the hundred thousands digit of 1184940180?
9
What is the hundreds digit of 6979400772?
7
What is the thousands digit of 165510372?
0
What is the ten thousands digit of 61962087?
6
What is the units digit of 482294626?
6
What is the hundred thousands digit of 425364001?
3
What is the ten thousands digit of 150249055?
4
What is the hundreds digit of 946520039?
0
What is the tens digit of 1964459054?
5
What is the thousands digit of 35894688?
4
What is the tens digit of 49180708?
0
What is the thousands digit of 33933412?
3
What is the hundred thousands digit of 287650553?
6
What is the units digit of 1306676821?
1
What is the tens digit of 9101408?
0
What is the thousands digit of 300655598?
5
What is the units digit of 66073034?
4
What is the ten thousands digit of 448906103?
0
What is the tens digit of 120999869?
6
What is the units digit of 829510458?
8
What is the hundred millions digit of 352223636?
3
What is the ten thousands digit of 47365331?
6
What is the ten thousands digit of 112991882?
9
What is the units digit of 550141463?
3
What is the tens digit of 96830650?
5
What is the ten thousands digit of 4413071434?
7
What is the units digit of 63611479?
9
What is the hundreds digit of 428230461?
4
What is the tens digit of 1795595275?
7
What is the millions digit of 370652482?
0
What is the units digit of 655882167?
7
What is the millions digit of 31069649?
1
What is the units digit of 1038701388?
8
What is the units digit of 1180645916?
6
What is the millions digit of 860979352?
0
What is the tens digit of 3150515744?
4
What is the hundred thousands digit of 135694447?
6
What is the tens digit of 64132234?
3
What is the hundreds digit of 17964501?
5
What is the ten millions digit of 1350264556?
5
What is the thousands digit of 175517507?
7
What is the hundred thousands digit of 1172064132?
0
What is the hundred millions digit of 466710551?
4
What is the thousands digit of 41523331?
3
What is the ten thousands digit of 3908962950?
6
What is the hundred millions digit of 215411302?
2
What is the hundred thousands digit of 155428971?
4
What is the hundred thousands digit of 3806730691?
7
What is the thousands digit of 48705214?
5
What is the ten millions digit of 84055963?
8
What is the units digit of 813834061?
1
What is the hundreds digit of 131682361?
3
What is the thousands digit of 98087235?
7
What is the units digit of 8363478?
8
What is the hundred millions digit of 461426367?
4
What is the hundred thousands digit of 418582152?
5
What is the hundreds digit of 36924469?
4
What is the thousands digit of 593043510?
3
What is the ten millions digit of 30969180?
3
What is the tens digit of 87680390?
9
What is the millions digit of 237568561?
7
What is the thousands digit of 816778493?
8
What is the hundreds digit of 5387310?
3
What is the thousands digit of 1297223052?
3
What is the millions digit of 2347849010?
7
What is the hundreds digit of 4542421195?
1
What is the hundred thousands digit of 1786571510?
5
What is the units digit of 50236756?
6
What is the ten thousands digit of 336782840?
8
What is the thousands digit of 276195173?
5
What is the millions digit of 881881213?
1
What is the millions digit of 84910741?
4
What is the ten thousands digit of 1540187867?
8
What is the hundreds digit of 36814174?
1
What is the hundreds digit of 101880221?
2
What is the ten millions digit of 11429514?
1
What is the hundred thousands digit of 5566128096?
1
What is the ten millions digit of 482426345?
8
What is the millions digit of 77792616?
7
What is the units digit of 7517459?
9
What is the tens digit of 298287477?
7
What is the thousands digit of 865770628?
0
What is the hundred millions digit of 641507905?
6
What is the ten millions digit of 661351604?
6
What is the hundreds digit of 297083199?
1
What is the hundred millions digit of 163278262?
1
What is the millions digit of 190066792?
0
What is the billions digit of 5065450514?
5
What is the hundreds digit of 3914298409?
4
What is the hundred millions digit of 955802292?
9
What is the ten millions digit of 730299337?
3
What is the ten millions digit of 2081520166?
8
What is the hundred thousands digit of 189428880?
4
What is the thousands digit of 724897976?
7
What is the units digit of 3503582?
2
What is the units digit of 19987919?
9
What is the thousands digit of 2268078438?
8
What is the hundreds digit of 158989521?
5
What is the millions digit of 384438787?
4
What is the ten thousands digit of 101766266?
6
What is the tens digit of 2328239827?
2
What is the billions digit of 2754944856?
2
What is the hundred thousands digit of 392343680?
3
What is the millions digit of 101616555?
1
What is the millions digit of 210295202?
0
What is the hundred millions digit of 2051297719?
0
What is the millions digit of 106814545?
6
What is the thousands digit of 62513187?
3
What is the tens digit of 25670893?
9
What is the hundreds digit of 4406198547?
5
What is the tens digit of 1676758790?
9
What is the thousands digit of 133521748?
1
What